m) = m**3 - 4*m**2 + 2*m - 2. Let u be k(4). List the prime factors of (-28)/(-3)*u/4.
2, 7
Let a(r) = r**3 - 7*r**2 - 4*r - 10. List the prime factors of a(9).
2, 29
Let t(y) = y**3 + 2*y**2 - 3*y - 2. Let f be t(-2). List the prime factors of ((-6)/(-8))/(f/48).
3
Let z = 1 + 6. List the prime factors of z.
7
Suppose 0*s + 2*s + 3*f - 14 = 0, 0 = -3*s + f + 43. What are the prime factors of s?
13
Let h = 94 - 140. Let w = -30 - h. What are the prime factors of w?
2
Let f(m) = m**3 - m**2 + 5. Let s(q) = -q**3 + 4*q**2 - 4*q + 3. Let x be s(2). Suppose x*c + 0*c = 0. List the prime factors of f(c).
5
Suppose g + 14 = 6. Let h = -3 + g. Let l = h + 14. List the prime factors of l.
3
Let c(p) = -p**2 + 5*p - 2. Let r be c(3). Suppose -3*z - 127 = -r*d, -5*d + 3*z - 4*z = -135. Let v = -16 + d. List the prime factors of v.
2, 3
Let y(z) = -z + 10. Let d be 2*12/(-8) + 9. List the prime factors of y(d).
2
Let l(a) = -6 - 2*a + a + 2*a. Let r be l(6). Suppose u + r*j = -4*j + 16, 4*u = 2*j + 46. List the prime factors of u.
2, 3
Suppose 11*u - 7 = 26. Let a(n) = -n - 5. Let x be a(-4). What are the prime factors of (-5 + u)*(x + -10)?
2, 11
Suppose 0 = 5*d + 12 + 8. Let v(p) = -2*p + 1. What are the prime factors of v(d)?
3
Let w(n) = -n**2 - n + 5. Let z be w(-4). List the prime factors of (-1 - z)*(-1 - -4).
2, 3
Let c be 1/(-1) + 3*4. Let a = c - 5. Suppose a*j - 4 = 5*j. What are the prime factors of j?
2
Suppose u + 4*u + 4*o - 144 = 0, 2*u = -o + 57. List the prime factors of u.
2, 7
What are the prime factors of (0 + (-62)/(-4))/(1/2)?
31
Let z(s) = -s**2 + 4*s**2 - s**2 + 3 - s. Let b(w) = -3*w**2 + 3*w - 6. Let o(n) = -3*b(n) - 5*z(n). List the prime factors of o(-3).
2, 3
Let y = -14 - -20. Suppose -2 = -c + y. What are the prime factors of c?
2
Let t(y) = y**3 + 15*y**2 + 13*y - 16. Let l be t(-14). Let i be 5/(-2)*8/(-10). List the prime factors of l*(-1)/i*13.
13
What are the prime factors of 26*(0 + 3/2)?
3, 13
Let i be (-28)/20 - 2/(-5). What are the prime factors of -10 - -12 - 1*i?
3
Let w be 8/2 + -1 - 1. Suppose -3*y + 6 = -m + 3*m, w*y - 2*m - 4 = 0. Suppose y*c + 40 = 6*c. What are the prime factors of c?
2, 5
Let p be (-70)/15*(-3)/2. Suppose -3*a + p = -2*i, -a = -5 - 0. Let u = i - -1. List the prime factors of u.
5
Let c = -5 + 10. Suppose 1 + c = -w. Let r(n) = -n**2 - 6*n + 2. List the prime factors of r(w).
2
Suppose -2*w + 5*i + 48 = 0, -w - 5 + 26 = -i. What are the prime factors of w?
19
Suppose 0 = -m - m - 2. Let c(q) = 2*q**2 - q - 1. Let h be c(m). What are the prime factors of (-7 - -1)/(h/(-4))?
2, 3
Suppose 4*q - 96 = -5*o, -4*q = 3*o - 5*o - 96. List the prime factors of q.
2, 3
Let g(q) = 2*q**2 + 15*q + 6. Let c(h) = -3*h**2 - 23*h - 9. Let y(z) = -5*c(z) - 8*g(z). Let b be y(-5). What are the prime factors of 1/(-3) + (-7)/b?
2
Let u = 10 - 10. Suppose 2*q - 4*q + 88 = -b, u = -3*q + b + 133. List the prime factors of q.
3, 5
Let p(f) = f**2 - 4*f - 7. Let t be p(6). Suppose 53 = t*i - 52. What are the prime factors of i?
3, 7
Let x be (-2)/(-3 - (-10)/4). Suppose -5*r = 3*a + x, 3*r + 2 = -a + r. List the prime factors of a.
2
Suppose b + 5*r + 529 = 3*b, -2*b + 521 = 3*r. What are the prime factors of b?
2, 131
Let z be 3/6 + 7/2. Suppose 3*c - 2 = z. Let v(t) = t**3 + t. What are the prime factors of v(c)?
2, 5
Let l(s) = s**2 + 9*s - 57. List the prime factors of l(7).
5, 11
Let q(l) = l - 2*l + 2*l + 11. List the prime factors of q(5).
2
Let l(z) = -8*z**3 + 2*z**2 - 1. Suppose -2*a = -a. Suppose u = -r + 4, -r = -u - a*r - 6. List the prime factors of l(u).
3
Let l(r) = r**2 - 3. Suppose 4*x - 6*x + 6 = 0. Let v be l(x). Let t(s) = -s**2 + 7*s + 1. What are the prime factors of t(v)?
7
Let v = -17 + 26. Let m = v - 5. What are the prime factors of m?
2
Let b be 0 + 1/(2/(-2)). List the prime factors of b + -1 + -1 + 8.
5
Suppose 5*h + 2 = -3. Let u = h - -32. Suppose 2*p - u = -p - 5*j, 0 = 5*p - j - 33. List the prime factors of p.
7
Let k(a) = 3*a. Suppose -5 - 1 = -3*s. What are the prime factors of k(s)?
2, 3
Let y = 642 - 446. List the prime factors of y.
2, 7
What are the prime factors of ((-28)/(-8))/(3/6)?
7
Let r = -7 + 5. What are the prime factors of 4 + (-2 - (1 + r))?
3
Suppose -31 = 5*g + 74. Let m = g + 36. List the prime factors of m.
3, 5
Suppose -c = 2*i - 5*c - 8, 0 = 4*i + 2*c - 16. Suppose -t = 3*q + 2, -2*t = -0*q + 5*q + i. Suppose q*s = 4*s - 40. List the prime factors of s.
2, 5
List the prime factors of -20*((-9)/4 + 2).
5
Let u be (0 - -2)/(1/2). What are the prime factors of (2 - u)/2*-11?
11
Suppose -o - 5*c + 120 = -61, 0 = -3*o + 5*c + 603. List the prime factors of o.
2, 7
Suppose -228 = -4*u - g + 3*g, 0 = 5*u + 4*g - 259. What are the prime factors of u?
5, 11
Suppose 0 = 4*f - 106 + 22. What are the prime factors of f?
3, 7
Let w be (-4 + 2 + -1)*-1. Suppose -z = z + 5*l - 44, -3*z + w*l = -24. Suppose -2*h = -6 - z. List the prime factors of h.
3
Suppose f - v - 10 = 4*v, -2*f + 3*v = -20. Let c(p) = p**3 - 11*p**2 + 11*p + 4. List the prime factors of c(f).
2, 7
List the prime factors of (-1116)/(-33) - (-10)/55.
2, 17
Suppose 3*n = -n + 12. Suppose n*m - 3*f = -0*f + 12, -5*m + 34 = 2*f. List the prime factors of m.
2, 3
Suppose l - 2*n + 8 = 0, l = 3*n - 4*n - 2. Let t be 1/(-3) - (-10)/(-6). List the prime factors of (-2)/l + (-11)/t.
2, 3
What are the prime factors of ((-2)/(-6))/(7/483)?
23
What are the prime factors of (-20 + 46)*(-1 + 0)/(-2)?
13
Suppose 30 = 4*g - g. Let z = 18 - g. List the prime factors of z.
2
Let q = -15 + 29. What are the prime factors of q?
2, 7
Suppose 5*m + j = 132, 6*m - 2*j = 2*m + 114. List the prime factors of m.
3
Let q(c) = c**3 - c**2 + 2*c + 215. Let a be q(0). Suppose a = 3*m + 2*m. What are the prime factors of m?
43
Suppose -5*i + 31 = -154. What are the prime factors of i?
37
Suppose 5*d + 0*d - 20 = 0. Suppose -s - 119 = -d*n, -n + 7*s - 3*s = -11. List the prime factors of n.
31
Let z = -2 - -6. Suppose 0 = z*l - 8. Suppose l*v + 3 = 7. List the prime factors of v.
2
Let x(u) = -8*u - 1. Let h be x(-1). Suppose -18 = 4*b - h*b. Suppose -18 = -2*a - b. List the prime factors of a.
2, 3
Let l(c) = -11*c + 10. Let o(d) = 10*d - 10. Let a(z) = 4*l(z) + 5*o(z). List the prime factors of a(6).
2, 13
Suppose 4*k + 5*c = c + 160, 0 = 5*k - 3*c - 192. What are the prime factors of k?
3, 13
Let u(r) = -r - 1. Suppose -15 = 2*q + 1. List the prime factors of u(q).
7
Let b be (-9)/12 + (-30)/(-8). Let u be b/(-9) + 13/3. Suppose 2*a = -4*r + 16, 0 = -2*a + u*a - 4*r - 56. List the prime factors of a.
2, 3
Suppose -81 = -9*l - 225. Let v(u) = -u**3 - 5*u**2 - 8. Let j be v(-6). Let t = j + l. List the prime factors of t.
2, 3
Let k be (-2 - -2)*(2 + -1). Suppose 2*g - 6 - 10 = k. What are the prime factors of g?
2
Suppose b + 0*s = -5*s - 16, 0 = -4*b + 3*s + 28. Suppose l = 4*l + w - 42, 3*l - 27 = b*w. List the prime factors of l.
13
Suppose -5*q + t = -270, 0 = -0*t - 2*t + 10. What are the prime factors of q?
5, 11
Let j be (-2)/4 + 27/(-6). What are the prime factors of (j/2)/((-6)/12)?
5
Suppose 3*u = -350 + 821. What are the prime factors of u?
157
Let w be (2 - (1 + 0)) + 1. Suppose w*n + n = 2*u - 30, -62 = -5*u + n. What are the prime factors of u?
2, 3
Suppose -25*p + 28*p - 588 = 0. What are the prime factors of p?
2, 7
Let f = 12 + -6. Let s(n) = n**2 - 6*n + 3. Let b be s(f). Suppose -c - b = -2*c. List the prime factors of c.
3
Let c be (-3 + 1)*-1 - -2. Suppose -100 = -4*g - c*z, -z - 30 = -2*g + 14. What are the prime factors of g?
23
Let l = -798 + 1133. What are the prime factors of l?
5, 67
Let h(v) be the third derivative of v**6/360 + v**5/30 + v**4/4 - v**3/6 + v**2. Let b(d) be the first derivative of h(d). List the prime factors of b(-4).
2, 3
Let w(f) = f**2 - 2. Let o be -1 + 3 + 4/(-1). Let c be w(o). Suppose 2*u + c*u - 33 = t, -5*u - t + 30 = 0. List the prime factors of u.
7
Let i = -117 - -277. List the prime factors of i.
2, 5
Suppose 9*c + 625 - 3127 = 0. List the prime factors of c.
2, 139
Let z(b) be the second derivative of -b**5/20 + 5*b**4/12 - b**3/2 - 2*b**2 + b. Let r(s) = -s + 11. Let i be r(8). What are the prime factors of z(i)?
5
Let u(n) = -2*n - 7. Let j be u(-5). Let p(v) = 1 -